**2. Determine u(4).
-4
Suppose a + 8 = 5*a. Let t be -9*(8/(-6) + a). Let p(n) = -n + 27*n**3 + 6 - 22*n**3 + 6*n**2 - 4*n**3. What is p(t)?
12
Let z(r) = 3*r + 38 - 2*r + 22 - 43 + 4*r. Give z(-4).
-3
Let h(l) = 4*l**2 - 15*l - 5. Let i(t) = 3*t**2 - 13*t - 6. Let b(s) = -2*h(s) + 3*i(s). Suppose -2 = -2*y + 16. Determine b(y).
-8
Let b(y) = 3*y + 4*y + 6 - 7*y**2 - y**3 - 3*y - 8*y. Let d(u) = -7*u**2 + 29*u + 30. Let s be d(-1). Determine b(s).
-6
Suppose -145 = -4*b - 125. Let p(k) = -18*k + 5. Let l(w) = 4*w. Let d(q) = b*l(q) + p(q). Calculate d(0).
5
Suppose 5*i = -4*x + 5 - 3, 0 = 2*i + 5*x + 6. Let p(c) = -32*c**2 + i + 33*c**2 - c - 10*c. Suppose -5*n - o = -58, -3*o = -o - 6. What is p(n)?
2
Let o(h) = -16*h + 1536. Let f be o(93). Let p(w) = 8*w - 385. Determine p(f).
-1
Let h be (5 + 30/(-18))*(-468)/(-195). Let d(l) = 5*l**2 - 38*l - 14. Give d(h).
2
Let b = 381 + -387. Let g(a) = 14*a**3 - 41*a**2 + 30. Let k(y) = 5*y**3 - 14*y**2 + 10. Let f(d) = b*g(d) + 17*k(d). What is f(-8)?
-10
Let h(f) = f**2 - 1. Let g be h(2). Let w(i) be the first derivative of i**2 + 40 + 3*i - 2/3*i**3. Calculate w(g).
-9
Let m(h) = h**2 - 8*h + 3. Let w = 5678 - 5670. Calculate m(w).
3
Let c(n) = 2*n - 6*n - n**2 + 1 + n. Suppose 0 = 9*u - u - 24. Suppose -u*w - 14 = -2*a, 10*w - 15*w + a - 21 = 0. What is c(w)?
-3
Let m(z) = -76*z + 71. Let i(x) = -137*x + 138. Let h(g) = 5*i(g) - 9*m(g). What is h(0)?
51
Let h(o) = -217360*o + 217350*o + 45 + 8. What is h(4)?
13
Let g(y) = -13*y**2 + 8*y + 11. Suppose -5*a - 23 = -x + 2*x, 4*x - 2*a + 26 = 0. Let b(h) = -5*h**2 + 3*h + 4. Let o(v) = x*b(v) + 3*g(v). What is o(-3)?
10
Let l(k) = k**2 + 11*k - 10. Let s be (-500)/30 - (-2)/(-6). Let f be l(s). Let z(h) = f - 41 - 3*h - 48. Determine z(2).
-3
Let d(w) = -6*w + 95*w - 87*w - 3*w**2. Suppose 0 = -f - 3*f - 16. Let p be f - ((0 - 1) + -1). Calculate d(p).
-16
Let n(b) = b + 10. Let i = -2565 - -2568. Determine n(i).
13
Let j = -19 - -22. Suppose 4*n = j*a + 57, -2*a + 6*a - 79 = -5*n. Suppose -8*q = 9 + n. Let d(f) = 9*f + 2. Calculate d(q).
-25
Let g be (-24)/(-4) + -11 + 2. Let z be g + -6 + 10 + -4. Let r(k) = 2*k**3 + 3*k**2 + 4*k + 3. Determine r(z).
-36
Let u be 52/91 + (-62)/(-14). Let f(w) = -2*w + 0*w**3 + u*w - 2 + w**2 - w**3 + 3*w. Calculate f(4).
-26
Let v(r) = -19*r - 17*r - 30*r**2 - 6 + 31*r**2 - 18 + 27*r. What is v(-2)?
-2
Let q(b) = b**2 - 2*b - 2. Suppose 6 = -3*f + 6*f. Suppose 13 = -f*u + 3. Let t(z) = -z - 7. Let j be t(u). What is q(j)?
6
Let i(y) be the first derivative of -y**3/3 - 3*y**2 + 10*y + 3301. Suppose p + 14 = -p. Determine i(p).
3
Suppose 24*d = 22*d - 40. Let f be d + 18 - ((5 - 0) + -1). Let w(z) be the second derivative of -z**4/12 - 4*z**3/3 - 7*z**2/2 - z. Calculate w(f).
5
Let f(w) be the second derivative of 0 + 1/12*w**4 + 171*w + 0*w**2 - 2/3*w**3. Determine f(5).
5
Suppose 4*w + w = -15. Let p be 5/10 - 27/(-18). Let y(g) = -8*g + 1464*g**3 + 3*g**p + 2 - 1463*g**3 + 5*g. Give y(w).
11
Let x(i) = 17*i**3 + 2*i**2 + i - 4. Suppose 12*u - 3 = -6*u + 15. What is x(u)?
16
Suppose 5*t + 13 = 3*r, 2*r + 3*t = -14 - 9. Let f be 1/(r/6) - (-33)/22. Let k(o) be the first derivative of o**2/2 + 3*o + 5. Give k(f).
3
Let t(z) = -z + 10. Let b be t(6). Let w(g) = 5 - g + b + 17. Suppose -236*m = 20*m - 36*m. Determine w(m).
26
Let f = -170 - 82. Let q be (-5)/45 - f/81. Let g(w) = w**3 - w**2 + 4*w. What is g(q)?
30
Let f(p) = 3*p + 1. Let d be f(1). Let s(c) be the third derivative of -c**6/120 + c**5/12 + c**4/24 - 469627*c**2. What is s(d)?
20
Suppose 2*t + 16 - 20 = 0. Let p(o) = t*o**3 + 2*o + 3*o**3 - 6*o**3 - 1. Calculate p(1).
0
Let c(q) = -72 + 3*q**2 - q**2 - q**2 + 9*q + 5*q + 21. Calculate c(-17).
0
Let i(j) be the second derivative of -j**4/12 - 11*j**3/6 - 13*j**2/2 - j. Let w = -33 + 72. Suppose -2*d = 5*s + w, 3*d = -2*d + 15. Determine i(s).
5
Let m(t) = -2*t**2 + 59*t - 144. Let u = -647 + 674. Let l be m(u). Let g(r) = r**2 + 10*r - 9. Calculate g(l).
-18
Let q(h) = 1 - 1 + 7*h - 5*h**2 - 3 - 4. Let l(p) = 4*p**2 - 7*p + 6. Let s(y) = -4*l(y) - 3*q(y). Determine s(6).
3
Let k(f) be the second derivative of -17*f**4/3 - f**3/6 - f**2/2 + 658*f - 1. Determine k(1).
-70
Suppose 0 = 2*f - 6*f + 5*p - 10, -6 = 3*f - 3*p. Let r(g) = g + 3*g + 15 - 38 + 0*g - 5*g. Calculate r(f).
-23
Let m(v) = 3*v**2 - 83*v - 188. Let d be m(-2). Let h(u) be the first derivative of u**2/2 + 19*u - 1. Give h(d).
9
Let t(r) = r - 3. Suppose -63 - 2 = -5*u + 5*p, -p = -5*u + 45. Suppose 0 = 3*d - 4*d + u. What is t(d)?
5
Let p(m) be the second derivative of 3*m**2 - 21*m + 7/6*m**3 + 1 + 1/12*m**4. Suppose 20 + 0 = -4*i. What is p(i)?
-4
Let r(a) = 16*a + 12 + 6 - 18*a + 1. Determine r(9).
1
Let o(r) = -r. Let q(s) = 3*s - 13. Suppose 1 + 4 = -5*w + 2*i, 3 = -3*w - 2*i. Let t(j) = w*q(j) - 2*o(j). Calculate t(7).
6
Let j(q) = q**3 + 10*q**2 - 15*q - 6. Let p = 6246 + -6257. Calculate j(p).
38
Let r(t) be the third derivative of t**4/12 - t**3/2 - 69*t**2. Let x = 677 + -674. What is r(x)?
3
Suppose -3*a + 689 - 683 = 0. Let m(w) = -5*w - a - 8 + 6*w. Calculate m(15).
5
Let r(s) be the second derivative of s**4/12 - s**3/2 - 21*s**2/2 + 2363*s + 1. Calculate r(-4).
7
Let y(m) = 1. Let o(r) = r + 9. Let d(l) = o(l) + 2*y(l). Let w(g) = -2*g - 19. Let a(b) = -7*d(b) - 4*w(b). What is a(4)?
3
Let t = 42541 + -42543. Let w(d) = 1 - 7*d - 2 + 3. Give w(t).
16
Let q(f) = f**3 + 11*f**2 - 12*f + 14. Suppose 0 = 94*m + 142 + 986. Give q(m).
14
Let a be 4/(-8)*-8 - 2. Suppose d = -3*z - 11, -28 = 2*z - 4*d - a. Let o(j) be the third derivative of j**5/60 + 7*j**4/24 + j**3/3 - 219*j**2. Give o(z).
-8
Let w(g) = 11*g - 2. Let v be -2*((-15)/6 + 0). Suppose -5 = v*f + a + 19, 2*a = -5*f - 28. Let y be f/18 - 304/171. Give w(y).
-24
Let r(h) be the second derivative of -h**4/12 - 7*h**3/3 - 3*h**2 + 26*h. Let q be -2 + 12/3 + -15. Determine r(q).
7
Let r be 8195/1043 + (-18)/21. Let t(d) = -d**2 + 10*d - 36. Give t(r).
-15
Let j(h) = 3*h**2 + 101*h - 252. Let v be -42 - (18 - 15)*-2. Determine j(v).
0
Let w(q) = -52*q + 148*q + 4*q**2 - 42*q - 8 - 47*q. Let s be w(1). Let d(g) = -g**3 + 2*g**2 + 4*g - 1. Give d(s).
2
Let c = 33164 + -33249. Let r(x) = -x**2 - 72*x + 1098. What is r(c)?
-7
Let j(f) = -7*f**3 + 22240*f - f**3 + f**2 + 7*f**3 + 1 - 22232*f. Calculate j(4).
-15
Let h(o) = 4*o + 4. Let l be h(1). Let q(w) = 14 - l*w - 4*w - 13*w**2 + w**3 + 3*w**2. What is q(11)?
3
Let a(p) = 30 - 26*p - 31*p - 33*p + 114*p - 25*p. Give a(7).
23
Let f(i) be the second derivative of i**4/12 + i**3/6 - i**2/2 - 4268*i. Let s = 13 - 6. Let p = -4 + s. Determine f(p).
11
Let f(y) = 10*y + 18. Let z(d) = -2*d - 3. Let r(x) = -f(x) - 6*z(x). Let j(u) = u**3 - 2*u**2 - u + 1. Let v(w) = -j(w) + 2*r(w). Give v(4).
-13
Let n(t) = -t**3 - 6*t**2 - 9*t - 16. Let d be n(-5). Let m(o) = o**2 - 30*o + 105. Calculate m(d).
1
Let r(u) = -21 + 252*u + 1 - u**2 + 3 + 3 - 247*u. Calculate r(10).
-64
Let w be (12 + 8 + -5 - 6)/(1 - 0). Let p(h) = -2*h**3 + 17*h**2 + 7*h + 13. What is p(w)?
-5
Let z(p) = -5*p**2 - 10*p - 5. Let f(u) = u**2 + 2*u + 1. Let m(h) = 6*f(h) + z(h). Let g be 38/(-6) + 1/3. Let n(j) = 2*j + 8. Let d be n(g). Give m(d).
9
Let k(i) = 4*i**2 + 3*i - 1. Let v(q) = -3*q**2 - 2*q. Let x = -99 + 145. Let c = x + -50. Let h(t) = c*k(t) - 5*v(t). Calculate h(-3).
1
Let u = 11792 + -11792. Let m(n) = 10*n - 4. Determine m(u).
-4
Suppose -54 - 73 = -110*t + 313. Let v(j) be the first derivative of -j + 35 + 3/2*j**t + 1/3*j**3 + 0*j**2. Determine v(-1).
-6
Let i = -262 + 268. Let a(l) = -6*l**3 + 2*l**2 - 22*l - 9. Let t(u) = 3*u**3 - u**2 + 12*u + 5. Let d(y) = i*a(y) + 11*t(y). Determine d(2).
-19
Let j(n) = -3*n - 4*n + 1592*n**2 - 9 - 1588*n**2 + 5*n. What is j(3)?
21
Let c(h) be the second derivative of h**5/10 - 21*h**4/4 + 5*h**3 + 27*h**2/2 - 44*h - 23. Give c(31).
-4
Let s(f) = -f - 1. Let g(m) = m - 26. Let h be g(27). Let b(n) = 1 + 2 - 3 + h. Let u(l) = 6*b(l) + s(l). Determine u(11).
-6
Let j(b) = -b + 43. Suppose 3*n = -9, 2*t + 5*n = 2*n + 11. Determine j(t).
33
Let s(l) be the first derivative of 9*l**2/2 - l + 16. Let p = -127 - -53. Let c = p - -72. Give s(c).
-19
Let d(n) = -11*n**3 + n**2 + 8*n + 4. Let y(p) = 13*p**3 - 2*p